170
What is the remainder when 1773077 is divided by 6365?
3607
Calculate the remainder when 387518901 is divided by 1242.
1239
What is the remainder when 1842110 is divided by 91?
88
What is the remainder when 166464461 is divided by 1111?
1109
Calculate the remainder when 946842 is divided by 1159.
1098
What is the remainder when 373915 is divided by 5419?
4
What is the remainder when 96408 is divided by 312?
0
Calculate the remainder when 1243835 is divided by 248655.
560
What is the remainder when 10227 is divided by 680?
27
What is the remainder when 277912 is divided by 2?
0
Calculate the remainder when 6550767 is divided by 6550735.
32
Calculate the remainder when 98136 is divided by 2282.
10
Calculate the remainder when 2320242 is divided by 103.
64
Calculate the remainder when 13542295 is divided by 77.
74
What is the remainder when 630407 is divided by 1436?
3
What is the remainder when 1111181 is divided by 96?
77
What is the remainder when 1981157 is divided by 6582?
6557
Calculate the remainder when 82314359 is divided by 54.
53
Calculate the remainder when 23573887 is divided by 41.
35
Calculate the remainder when 1228174 is divided by 643.
44
Calculate the remainder when 237036 is divided by 79012.
0
What is the remainder when 222406332 is divided by 111203162?
8
Calculate the remainder when 1159270 is divided by 386345.
235
Calculate the remainder when 82042 is divided by 1706.
154
What is the remainder when 2905011 is divided by 121042?
3
Calculate the remainder when 137571 is divided by 14946.
3057
What is the remainder when 6026613 is divided by 1506652?
5
Calculate the remainder when 228029 is divided by 268.
229
Calculate the remainder when 10819303 is divided by 36.
7
What is the remainder when 2548332 is divided by 2611?
2607
Calculate the remainder when 646498 is divided by 2565.
118
What is the remainder when 978810 is divided by 131?
109
What is the remainder when 557111 is divided by 277093?
2925
Calculate the remainder when 1352052802 is divided by 4857.
4855
What is the remainder when 1157761 is divided by 231453?
496
What is the remainder when 274217 is divided by 1010?
507
What is the remainder when 234229578 is divided by 117114788?
2
What is the remainder when 1610797 is divided by 134233?
1
What is the remainder when 1048372 is divided by 1515?
1507
Calculate the remainder when 55002 is divided by 1981.
1515
What is the remainder when 105086 is divided by 3642?
3110
What is the remainder when 389985 is divided by 1970?
1895
What is the remainder when 1932343 is divided by 386464?
23
Calculate the remainder when 48608 is divided by 321.
137
Calculate the remainder when 264835 is divided by 10830.
4915
What is the remainder when 163260 is divided by 7756?
384
What is the remainder when 3736199 is divided by 383?
34
What is the remainder when 34547463 is divided by 3838604?
27
Calculate the remainder when 53564372 is divided by 92.
40
Calculate the remainder when 114591776 is divided by 1818917.
5
Calculate the remainder when 809539 is divided by 40473.
79
What is the remainder when 4495582 is divided by 18?
10
Calculate the remainder when 123741101 is divided by 62.
13
Calculate the remainder when 1223204 is divided by 2754.
428
Calculate the remainder when 516292 is divided by 22440.
172
Calculate the remainder when 298850 is divided by 145.
5
Calculate the remainder when 158613 is divided by 3964.
53
What is the remainder when 429347 is divided by 71554?
23
Calculate the remainder when 10270903 is divided by 855902.
79
What is the remainder when 194319 is divided by 21509?
738
What is the remainder when 75238748 is divided by 110?
68
Calculate the remainder when 44210 is divided by 5724.
4142
What is the remainder when 187032382 is divided by 93?
82
Calculate the remainder when 2988976 is divided by 154.
144
What is the remainder when 120639 is divided by 78?
51
What is the remainder when 266157 is divided by 5231?
4607
What is the remainder when 2408897 is divided by 25624?
241
Calculate the remainder when 799867 is divided by 159925.
242
What is the remainder when 57770 is divided by 1643?
265
Calculate the remainder when 422150 is divided by 421671.
479
Calculate the remainder when 56729292 is divided by 9.
6
Calculate the remainder when 195851 is divided by 470.
331
What is the remainder when 207050 is divided by 25878?
26
Calculate the remainder when 17449424 is divided by 9.
8
Calculate the remainder when 85643 is divided by 10692.
107
What is the remainder when 2385354 is divided by 896?
202
Calculate the remainder when 307878 is divided by 12.
6
Calculate the remainder when 3457198 is divided by 9074.
4
What is the remainder when 491887 is divided by 3793?
2590
Calculate the remainder when 75104 is divided by 29.
23
Calculate the remainder when 4392149 is divided by 244008.
5
Calculate the remainder when 2020987 is divided by 2020965.
22
Calculate the remainder when 60129113 is divided by 7031.
1
What is the remainder when 4252315 is divided by 240?
235
Calculate the remainder when 22122209 is divided by 21.
11
What is the remainder when 1915700 is divided by 149?
7
What is the remainder when 573356 is divided by 286652?
52
What is the remainder when 145443 is divided by 48436?
135
What is the remainder when 691795 is divided by 10?
5
What is the remainder when 10914811 is divided by 41?
37
What is the remainder when 955831 is divided by 955757?
74
Calculate the remainder when 225467 is divided by 2476.
151
Calculate the remainder when 12997 is divided by 247.
153
What is the remainder when 281696942 is divided by 4513?
4508
Calculate the remainder when 46015834 is divided by 534.
520
What is the remainder when 3706479 is divided by 1163?
1161
What is the remainder when 16576 is divided by 5382?
430
Calculate the remainder when 19466 is divided by 19412.
54
What is the remainder when 407063 is divided by 1292?
83
Calculate the remainder when 4880 is divided by 946.
150
What is the remainder when 12191 is divided by 11946?
245
What is the remainder when 98265925 is divided by 580?
5
Calculate the remainder when 246505501 is divided by 8.
5
Calculate the remainder when 17701553 is divided by 5900514.
11
What is the remainder when 101291199 is divided by 1600?
1599
What is the remainder when 371313526 is divided by 123771171?
13
Calculate the remainder when 84051359 is divided by 36.
35
What is the remainder when 2323499 is divided by 145218?
11
Calculate the remainder when 6896226 is divided by 3273.
15
What is the remainder when 38416 is divided by 12752?
160
What is the remainder when 777137 is divided by 464?
401
What is the remainder when 9795 is divided by 3819?
2157
Calculate the remainder when 195372 is divided by 1212.
240
Calculate the remainder when 896467 is divided by 1734.
1723
What is the remainder when 6065447 is divided by 6065426?
21
What is the remainder when 19974 is divided by 601?
141
What is the remainder when 598344 is divided by 42738?
12
What is the remainder when 142498 is divided by 8474?
6914
What is the remainder when 836235 is divided by 152?
83
Calculate the remainder when 19742004 is divided by 987100.
4
What is the remainder when 21961 is divided by 6684?
1909
What is the remainder when 118493889 is divided by 4099?
4096
Calculate the remainder when 2001418 is divided by 30324.
34
Calculate the remainder when 18911704 is divided by 3782334.
34
Calculate the remainder when 16962179 is divided by 16962173.
6
Calculate the remainder when 979470 is divided by 26.
24
Calculate the remainder when 2028018 is divided by 54810.
48
What is the remainder when 921430 is divided by 108?
82
Calculate the remainder when 597743 is divided by 28455.
188
Calculate the remainder when 83191 is divided by 1958.
955
Calculate the remainder when 172542 is divided by 57487.
81
What is the remainder when 1431421 is divided by 477140?
1
Calculate the remainder when 2921819 is divided by 1460876.
67
Calculate the remainder when 6113963 is divided by 20312.
51
Calculate the remainder when 47156572 is divided by 128492.
8
What is the remainder when 11476113 is divided by 6951?
12
Calculate the remainder when 625871 is divided by 44704.
15
What is the remainder when 3120202 is divided by 276?
22
